is divided by s(-3)?
9
Let g = -71 - -94. Suppose 5 = s + 4, c - 65 = -2*s. What is the remainder when c is divided by g?
17
Let i be 6/3*122 + -4 + 1. Let m = -158 + i. Calculate the remainder when m is divided by 21.
20
Suppose 13*a + 8 = 14*a. Let b be 494/(-91) + a/(-14). Calculate the remainder when 31 is divided by -3 + 14 - (-6 - b).
9
Suppose 2*i - 3*w = w + 178, i - 89 = 4*w. Calculate the remainder when i is divided by 87.
2
Let h = -124 + 126. Let x(t) = 2*t**2 - t. Let z be x(1). What is the remainder when 0 + z + h + 19 is divided by 10?
2
Let v(c) = -4*c - 43. Let p be v(-14). Suppose -14*j + 1 = -p*j. Calculate the remainder when 17 is divided by j.
0
Let h(q) = -4*q - 62. Let m be h(7). Let n = m - -160. What is the remainder when n is divided by 26?
18
Let z be (114/(-126)*-7)/((-1)/(-3)). Let b(n) = 40*n + 168. What is the remainder when b(z) is divided by 93?
91
Suppose -150*x = -1993 - 2507. Calculate the remainder when 59 is divided by x.
29
Suppose -27 = 4*r - 3. What is the remainder when 27/(-6)*(-3 - (-46)/r) is divided by 2?
0
Let n = -3018 + 3158. Calculate the remainder when n is divided by 9.
5
Let f(w) = 2*w**2 + 113*w + 813. Let k(n) = -70*n + 6. Calculate the remainder when k(-3) is divided by f(-8).
31
Suppose 0 = 2*b + g - 4710, 0 = 3*b + 2*g + 3789 - 10851. What is the remainder when b is divided by 139?
134
Suppose -4*i + 140 = -0*i. Let t = -33 + i. Suppose -2*y - 3*y + t*v + 77 = 0, 5*v = -2*y + 54. What is the remainder when 33 is divided by y?
16
Suppose -3*x + 5*k + 98 = -0*x, -k - 30 = -x. Suppose x + 71 = h. Calculate the remainder when h is divided by 35.
27
Let n(r) be the second derivative of r**4/6 + 5*r**3/3 + 5*r**2 + 12*r. Let y be n(-9). Let f = y + -69. What is the remainder when f is divided by 3?
1
Let m(n) = 277*n + 19025. Suppose v - 24 = 14. Calculate the remainder when m(-68) is divided by v.
37
Suppose 810 - 95 = -11*o. Let q = o - -453. What is the remainder when q is divided by 26?
24
Calculate the remainder when (37 - (-6416)/(-176))/((-1)/(-143)) is divided by 36.
6
What is the remainder when (647 - (14 - (-4 + 10))) + 1 is divided by 23?
19
Let n = -82 + 48. Let t = n + 41. Let y = 426 - 406. What is the remainder when y is divided by t?
6
Let j = -64 - -96. What is the remainder when j is divided by 9*(483/27 - 15)?
6
Let s = -45962 + 46019. Suppose -t - 3 = -g, 11 = -3*t - 2*g - 13. Let r(d) = -4*d - 4. What is the remainder when s is divided by r(t)?
17
Suppose 67*w = -83*w + 9000. What is the remainder when 430 is divided by w?
10
Let i = 10 + -5. Let g(m) = -m**2 - 1. Let s(h) = -2*h**2 + 8*h - 7. Let v(p) = -g(p) + s(p). Calculate the remainder when 15 is divided by v(i).
6
Let v(u) = -u**2 + 7*u + 20. Let x be v(9). Let g be 1 + 0 + -4 + 7. Suppose 0*q + q - 5*d = -x, 5*q + g*d = 77. What is the remainder when 38 is divided by q?
12
Suppose 0 = 10*b - 27 - 133. Let q(j) = -j**3 + 13*j**2 + 51*j + 28. What is the remainder when q(b) is divided by 10?
6
Suppose 5053 + 6827 = 40*b. Calculate the remainder when 1377 is divided by b.
189
Suppose -c + 2 = 2*y, -3*c + 0 = -y - 6. Suppose -3*r - j + 21 = 0, 0 = c*r - 3*r - 4*j + 18. What is the remainder when 5 is divided by r - 2*12/8?
2
Let s(y) = y**3 + 20*y**2 + 20*y + 42. Suppose 2*d = 166 + 16. Calculate the remainder when d is divided by s(-19).
22
Let o = -158 - -134. Let q(v) = -v**3 - 24*v**2 - 5*v + 12. Calculate the remainder when q(o) is divided by 15.
12
Let v = -90 - -126. Suppose -361*p - 2770 = -499*p + 2198. What is the remainder when v is divided by p?
0
Let j = 92377 + -92364. Let g = 25 + 286. Calculate the remainder when g is divided by j.
12
Let u = 0 + 17. Let v = -13 + u. Suppose -3*k = -5*b - 541, -v*k + 793 - 115 = 2*b. What is the remainder when k is divided by 29?
27
Let g = 6080 - 6066. Calculate the remainder when 3665 is divided by g.
11
Suppose 5*s + t - 16 = 72, -5*s = -4*t - 73. Let f be 403/5 + (-4)/(-10). Suppose 3*d - f - 15 = 0. What is the remainder when d is divided by s?
15
Let j(x) be the first derivative of -12*x - 1/4*x**4 + 6*x**2 + 7/3*x**3 - 15. What is the remainder when 73 is divided by j(8)?
13
Suppose i - 2330 = -60*z + 56*z, -5*i = -2*z + 1176. What is the remainder when z is divided by 39?
37
Suppose 14*d = 5*d + 2844. Let h = -221 + d. What is the remainder when h is divided by 26?
17
Let f(w) = -w**3 - 9*w**2 - 11*w + 17. Let t be f(-8). Suppose -2*g + 2 = 0, -15*g + 13*g = 3*x - t. Calculate the remainder when 103 is divided by x.
12
Let f(m) = 48*m + 217. What is the remainder when 850 is divided by f(13)?
9
Let s(w) = -599*w - 1388. Calculate the remainder when s(-7) is divided by 104.
101
Suppose -5*h = 5*o - 8 - 7, 27 = 4*o - h. Let s = -204 - -200. Let l(n) = n**2 + 5*n + 19. Calculate the remainder when l(s) is divided by o.
3
Let n = 3457 + -3346. What is the remainder when 439 is divided by n?
106
Suppose -3 = m - 6. Suppose -59 = -5*l + t, -5*l = -m*t - 75 + 18. Calculate the remainder when l is divided by 9.
3
Let s = 92 + -84. Suppose 10019 = 56*d - 6893. Calculate the remainder when d is divided by s.
6
Let f(a) = 7*a**2 - 4*a - 10. Suppose 20 = 17*q + 54. Calculate the remainder when 324 is divided by f(q).
12
Suppose 39*b - 54 = 63*b - 33*b. What is the remainder when 1738 is divided by b?
4
Suppose -71 = -2*a + 2*t - t, -4*a + 124 = 4*t. Let c(k) = 667*k - 20001. What is the remainder when a is divided by c(30)?
7
Suppose 0 = -380*w + 360*w + 23460. Calculate the remainder when w is divided by 1148.
25
Let k = -387 - -391. Suppose -k*n - 28 = -132. Suppose 3*y + 4*a - 8 = -3, -3*y + 33 = -3*a. Calculate the remainder when n is divided by y.
5
Let k = 156 - 68. Suppose 4*w + 880 = k. Calculate the remainder when (-28)/98 - (-1 - w/(-7)) is divided by 16.
13
Let c = 505 - 228. Suppose -9*i - 63*i - 237 + 2469 = 0. What is the remainder when c is divided by i?
29
Suppose -4 = t - 9. Suppose 10*i = t*i + 20. Suppose i + 8 = 3*h. What is the remainder when h is divided by 3?
1
Let m be (2 - (-9)/(-6))*6 + -3. Suppose 4*u - u - 21 = m. Suppose -3*k + 60 = 3*l - 0*l, 3*l - 44 = k. Calculate the remainder when l is divided by u.
2
Suppose -1081*y - 18 = -1082*y + 2*l, -5*y - 2*l + 30 = 0. Calculate the remainder when 739 is divided by y.
3
Let f = -1809 - 3201. Calculate the remainder when f/(-25)*65/39 is divided by 42.
40
Suppose -3*j + 117 = 3*k, 0*k + 3*j = k - 23. Let t = 40 - 66. Let x = t - -45. Calculate the remainder when k is divided by x.
16
What is the remainder when -16 + -9 + 10 + 289 is divided by 60?
34
Suppose 5*s - 5*g - 24 = 71, g - 23 = -s. Let o = 1012 - 955. Let r = 93 - o. Calculate the remainder when r is divided by s.
15
Suppose 4*i = 5*i + n - 1126, -3*i = -3*n - 3408. What is the remainder when i/(-26)*2/(-3) is divided by 20?
9
Let b = -3625 - -9366. Calculate the remainder when b is divided by 66.
65
Let p(d) = -d**2 - 4*d + 2. Let c be p(-4). Suppose -3*q + 713 = q + 5*v, -c*v + 870 = 5*q. Calculate the remainder when q is divided by 20/9 - 2 - (-394)/9.
40
Let t be 162/9*(-4)/(-18). What is the remainder when 19 is divided by (t - 0) + (-6 - (-2 - 4))?
3
Let u be 4*(-6316)/(-112) + 9/21. Let i = u + -210. What is the remainder when 61 is divided by i?
13
Calculate the remainder when (-128)/24*-1*9/12 - -1981 is divided by 24.
17
Let u(r) = r**2 - 13*r - 533. Calculate the remainder when u(-29) is divided by 95.
20
Let g(q) = 6*q - 3. Let u be g(4). Suppose u*l - 795 - 1494 = 0. Calculate the remainder when l is divided by 14.
11
Let d = 763 - 472. Suppose 8*w = d + 309. Calculate the remainder when w is divided by 17.
7
Let m = -19524 - -19593. What is the remainder when 1381 is divided by m?
1
Suppose 10210*t = 10200*t + 2760. Calculate the remainder when t is divided by 89.
9
Suppose -170*u + 173*u = 0. Let f(t) = -t**3 + t**2 + 5. What is the remainder when f(u) is divided by 3?
2
Let l(a) = 2*a**2 + 154*a + 477. What is the remainder when 297 is divided by l(-3)?
0
Let g = -54 + 11. Let w = 3303 + -3336. Let l = w - g. Calculate the remainder when 38 is divided by l.
8
Let b(j) = -148*j + 7575. Calculate the remainder when b(40) is divided by 5.
0
Let y = -29543 - -29553. Suppose 0 = 5*h + k - 491, 2*k + 3*k + 387 = 4*h. Calculat